of 4275.
3, 5, 19
List the prime factors of 4003.
4003
List the prime factors of 1282.
2, 641
What are the prime factors of 2557?
2557
What are the prime factors of 2017?
2017
List the prime factors of 1454.
2, 727
What are the prime factors of 22861?
22861
List the prime factors of 6189.
3, 2063
What are the prime factors of 79788?
2, 3, 61, 109
What are the prime factors of 3722?
2, 1861
What are the prime factors of 6837?
3, 43, 53
What are the prime factors of 3823?
3823
List the prime factors of 42758.
2, 21379
What are the prime factors of 10847?
10847
List the prime factors of 11568.
2, 3, 241
What are the prime factors of 18035?
5, 3607
List the prime factors of 1225.
5, 7
What are the prime factors of 78840?
2, 3, 5, 73
List the prime factors of 289.
17
What are the prime factors of 8155?
5, 7, 233
What are the prime factors of 1590?
2, 3, 5, 53
What are the prime factors of 5445?
3, 5, 11
What are the prime factors of 14897?
14897
What are the prime factors of 5820?
2, 3, 5, 97
What are the prime factors of 29415?
3, 5, 37, 53
List the prime factors of 623.
7, 89
List the prime factors of 2503.
2503
List the prime factors of 1556.
2, 389
List the prime factors of 45371.
59, 769
List the prime factors of 1902.
2, 3, 317
What are the prime factors of 116046?
2, 3, 7, 307
What are the prime factors of 7747?
61, 127
What are the prime factors of 1454?
2, 727
List the prime factors of 4276.
2, 1069
List the prime factors of 422.
2, 211
What are the prime factors of 50003?
31, 1613
What are the prime factors of 2054?
2, 13, 79
List the prime factors of 62810.
2, 5, 11, 571
List the prime factors of 1408.
2, 11
List the prime factors of 3754.
2, 1877
List the prime factors of 17861.
53, 337
What are the prime factors of 5352?
2, 3, 223
What are the prime factors of 40680?
2, 3, 5, 113
List the prime factors of 6163.
6163
What are the prime factors of 1996?
2, 499
What are the prime factors of 26753?
31, 863
List the prime factors of 21937.
21937
List the prime factors of 85067.
257, 331
List the prime factors of 33468.
2, 3, 2789
What are the prime factors of 28222?
2, 103, 137
List the prime factors of 43778.
2, 7, 53, 59
List the prime factors of 3231.
3, 359
What are the prime factors of 10689?
3, 7, 509
List the prime factors of 137356.
2, 23, 1493
List the prime factors of 9783.
3, 1087
What are the prime factors of 40945?
5, 19, 431
What are the prime factors of 55928?
2, 6991
List the prime factors of 6981.
3, 13, 179
What are the prime factors of 33825?
3, 5, 11, 41
List the prime factors of 1721.
1721
What are the prime factors of 1051?
1051
What are the prime factors of 1102?
2, 19, 29
What are the prime factors of 826?
2, 7, 59
What are the prime factors of 167161?
17, 9833
List the prime factors of 3274.
2, 1637
List the prime factors of 4851.
3, 7, 11
List the prime factors of 86020.
2, 5, 11, 17, 23
What are the prime factors of 2356?
2, 19, 31
What are the prime factors of 88377?
3, 89, 331
List the prime factors of 1361.
1361
List the prime factors of 14691.
3, 59, 83
What are the prime factors of 72887?
23, 3169
What are the prime factors of 13045?
5, 2609
What are the prime factors of 67080?
2, 3, 5, 13, 43
List the prime factors of 1133.
11, 103
List the prime factors of 114.
2, 3, 19
What are the prime factors of 15005?
5, 3001
What are the prime factors of 37700?
2, 5, 13, 29
List the prime factors of 2033.
19, 107
List the prime factors of 65262.
2, 3, 73, 149
What are the prime factors of 4267?
17, 251
What are the prime factors of 58924?
2, 14731
List the prime factors of 2128.
2, 7, 19
What are the prime factors of 22665?
3, 5, 1511
What are the prime factors of 19751?
19751
List the prime factors of 29455.
5, 43, 137
List the prime factors of 1242.
2, 3, 23
List the prime factors of 4172.
2, 7, 149
What are the prime factors of 4696?
2, 587
What are the prime factors of 2074?
2, 17, 61
List the prime factors of 22277.
22277
What are the prime factors of 333?
3, 37
What are the prime factors of 448?
2, 7
What are the prime factors of 89279?
73, 1223
What are the prime factors of 81482?
2, 131, 311
List the prime factors of 36136.
2, 4517
List the prime factors of 1239.
3, 7, 59
List the prime factors of 12320.
2, 5, 7, 11
List the prime factors of 19901.
7, 2843
What are the prime factors of 3744?
2, 3, 13
What are the prime factors of 1245?
3, 5, 83
List the prime factors of 46887.
3, 15629
What are the prime factors of 6646?
2, 3323
What are the prime factors of 29446?
2, 14723
List the prime factors of 584.
2, 73
List the prime factors of 34836.
2, 3, 2903
What are the prime factors of 6087?
3, 2029
What are the prime factors of 1266?
2, 3, 211
List the prime factors of 610.
2, 5, 61
List the prime factors of 12211.
12211
What are the prime factors of 291?
3, 97
What are the prime factors of 6663?
3, 2221
List the prime factors of 7979.
79, 101
List the prime factors of 1066.
2, 13, 41
List the prime factors of 17758.
2, 13, 683
What are the prime factors of 11862?
2, 3, 659
What are the prime factors of 1393?
7, 199
What are the prime factors of 489?
3, 163
List the prime factors of 2086.
2, 7, 149
List the prime factors of 3161.
29, 109
What are the prime factors of 13107?
3, 17, 257
What are the prime factors of 14462?
2, 7, 1033
What are the prime factors of 777?
3, 7, 37
List the prime factors of 14225.
5, 569
List the prime factors of 6772.
2, 1693
List the prime factors of 157097.
17, 9241
What are the prime factors of 3608?
2, 11, 41
List the prime factors of 40852.
2, 7, 1459
What are the prime factors of 30415?
5, 7, 11, 79
What are the prime factors of 845?
5, 13
List the prime factors of 25145.
5, 47, 107
List the prime factors of 118452.
2, 3, 9871
List the prime factors of 44170.
2, 5, 7, 631
List the prime factors of 675.
3, 5
List the prime factors of 613.
613
List the prime factors of 993.
3, 331
List the prime factors of 450.
2, 3, 5
What are the prime factors of 4424?
2, 7, 79
List the prime factors of 33.
3, 11
What are the prime factors of 424?
2, 53
What are the prime factors of 1501?
19, 79
List the prime factors of 732.
2, 3, 61
What are the prime factors of 66290?
2, 5, 7, 947
What are the prime factors of 30911?
30911
What are the prime factors of 8961?
3, 29, 103
List the prime factors of 40.
2, 5
List the prime factors of 947.
947
What are the prime factors of 2449?
31, 79
List the prime factors of 3874.
2, 13, 149
What are the prime factors of 6608?
2, 7, 59
List the prime factors of 4021.
4021
What are the prime factors of 57611?
53, 1087
What are the prime factors of 5550?
2, 3, 5, 37
What are the prime factors of 62183?
11, 5653
What are the prime factors of 3650?
2, 5, 73
What are the prime factors of 1876?
2, 7, 67
What are the prime factors of 30264?
2, 3, 13, 97
What are the prime factors of 33416?
2, 4177
List the prime factors of 1034.
2, 11, 47
What are the prime factors of 9679?
9679
List the prime factors of 72543.
3, 24181
What are the prime factors of 35426?
2, 17713
List the prime factors of 6935.
5, 19, 73
List the prime factors of 7631.
13, 587
What are the prime factors of 50261?
50261
What are the prime factors of 803?
11, 73
What are the prime factors of 9569?
7, 1367
What are the prime factors of 853?
853
List the prime factors of 145.
5, 29
List the prime factors of 53247.
3, 17749
What are the prime factors of 672?
2, 3, 7
List the prime factors of 122753.
122753
List the prime factors of 9847.
43, 229
What are the prime factors of 13603?
61, 223
List the prime factors of 199.
199
List the prime factors of 47935.
5, 9587
List the prime factors of 2579.
2579
List the prime factors of 35573.
35573
What are the prime factors of 1474?
2, 11, 67
What are the prime factors of 1507?
11, 137
List the prime factors of 7517.
7517
What are the prime factors of 15145?
5, 13, 233
What are the prime factors of 1049?
1049
What are the prime factors of 113231?
199, 569
List the prime factors of 1706.
2, 853
List the prime factors of 3146.
2, 11, 13
List the prime factors of 4838.
2, 41, 59
List the prime factors of 28610.
2, 5, 2861
List the prime factors of 1810.
2, 5, 181
List the prime factors of 100.
2, 5
List the prime factors of 1618.
2, 809
List the prime factors of